{"id":23175,"date":"2025-06-05T16:13:26","date_gmt":"2025-06-05T14:13:26","guid":{"rendered":"https:\/\/ssp10.pl\/strona\/?page_id=23175"},"modified":"2025-06-05T16:31:55","modified_gmt":"2025-06-05T14:31:55","slug":"stroj-szkolny-2","status":"publish","type":"page","link":"https:\/\/ssp10.pl\/strona\/stroj-szkolny-2\/","title":{"rendered":"Str\u00f3j szkolny"},"content":{"rendered":"\n<p>Szanowni Pa\u0144stwo,<\/p>\n\n\n\n<p>Zapraszamy Pa\u0144stwa do sk\u0142adania zam\u00f3wie\u0144 na mundurki. Zam\u00f3wienia b\u0119d\u0105 zbierane od 4.06.2025 r. do 19.06.2025 r. do godziny 12:00 (w po\u0142udnie) za po\u015brednictwem strony internetowej:<\/p>\n\n\n\n<p><a href=\"https:\/\/prostykroj.pl\/kolekcja-sto\" target=\"_blank\" rel=\"noreferrer noopener\">https:\/\/prostykroj.pl\/kolekcja-sto<\/a><\/p>\n\n\n\n<p>Na stronie tej znajdziecie Pa\u0144stwo tak\u017ce regulamin dot. realizacji zam\u00f3wie\u0144 na mundurki i tabele rozmiarowe. Strona umo\u017cliwia dokonywanie szybkich p\u0142atno\u015bci internetowych za po\u015brednictwem Paynow. Przypominamy, \u017ce realizowane b\u0119d\u0105 wy\u0142\u0105cznie zam\u00f3wienia przedp\u0142acone najp\u00f3\u017aniej do 19 czerwca. Mundurki dostarczymy do szko\u0142y do ko\u0144ca sierpnia.<\/p>\n\n\n\n<p><strong>Kolejne zam\u00f3wienia b\u0119d\u0105 zbierane w styczniu 2026.<\/strong><\/p>\n\n\n\n<p>Przypominamy r\u00f3wnie\u017c, \u017ce w szkole obowi\u0105zuje poni\u017cszy zestaw ubra\u0144:<\/p>\n\n\n\n<p><strong>Dziewczynki<\/strong>:<\/p>\n\n\n\n<ul>\n<li>Koszulka polo turkusowa z kr\u00f3tkim r\u0119kawem<\/li>\n\n\n\n<li>Koszulka polo turkusowa z d\u0142ugim r\u0119kawem<\/li>\n\n\n\n<li>Koszula galowa bia\u0142a dla dziewczynek (slim lub unisex w zale\u017cno\u015bci od figury dziewczynki)<\/li>\n\n\n\n<li>Krawatka dla dziewczynek<\/li>\n\n\n\n<li>Bluza sportowa granatowa zapinana na zamek<\/li>\n<\/ul>\n\n\n\n<p><strong>Ch\u0142opcy<\/strong>:<\/p>\n\n\n\n<ul>\n<li>Koszulka polo turkusowa z kr\u00f3tkim r\u0119kawem<\/li>\n\n\n\n<li>Koszulka polo turkusowa z d\u0142ugim r\u0119kawem<\/li>\n\n\n\n<li>Koszula bia\u0142a galowa dla ch\u0142opc\u00f3w (unisex)<\/li>\n\n\n\n<li>Krawat dla ch\u0142opc\u00f3w<\/li>\n\n\n\n<li>Bluza sportowa granatowa zapinana na zamek<\/li>\n<\/ul>\n\n\n\n<p>UWAGA! Zamawiaj\u0105c mundurki bardzo prosimy o przemy\u015blane decyzje dotycz\u0105ce ilo\u015bci i rozmiar\u00f3w. Zamawiacie Pa\u0144stwo ubrania, kt\u00f3re Pa\u0144stwa dziecko b\u0119dzie nosi\u0142o przez nast\u0119pne kilka miesi\u0119cy (nast\u0119pne zam\u00f3wienia w styczniu z dostaw\u0105 na koniec lutego). Nie utrzymujemy stan\u00f3w magazynowych &#8211; produkujemy w wyznaczonych terminach na konkretne zam\u00f3wienia, st\u0105d pro\u015bba o rozwa\u017cenie, czy dziecko nie b\u0119dzie potrzebowa\u0142o wi\u0119kszego rozmiaru. Dodatkowo wiemy (nauczone wieloletnimi do\u015bwiadczeniami we wsp\u00f3\u0142pracy ze szko\u0142ami oraz na bazie do\u015bwiadcze\u0144 szkolnych z w\u0142asnymi dzie\u0107mi), \u017ce noszone codziennie mundurki wymagaj\u0105 cz\u0119stego prania, dzieci je niszcz\u0105 i gubi\u0105, dlatego rekomendujemy zapewnienie uczniowi wi\u0119kszej ilo\u015bci ubra\u0144 ni\u017c 1 sztuka. Szczeg\u00f3lnie dotyczy to koszulek polo.<\/p>\n\n\n\n<p>Prosimy mie\u0107 te\u017c na uwadze, \u017ce zgodnie ze \u015bwiatowymi normami, ubrania bawe\u0142niane mog\u0105 skurczy\u0107 si\u0119 po praniu o oko\u0142o 5% bluzy, przed pierwszym wypraniem, mog\u0105 nieco k\u0142aczy\u0107 ubrania spodnie nie jest wskazane korzystanie z suszarek b\u0119bnowych w wysokiej temperaturze (to dotyczy wszystkich dzianin z uwagi na ich kurczliwo\u015b\u0107).<\/p>\n\n\n\n<p>Pozdrawiamy serdecznie<\/p>\n\n\n\n<p>Agata Wysocka<br><strong>po <\/strong>16:00: tel. 600 290 852<\/p>\n\n\n\n<p>Natalia Krzewi\u0144ska<br><strong>do <\/strong>16:00 tel. 608 065 365<\/p>\n","protected":false},"excerpt":{"rendered":"<p>Szanowni Pa\u0144stwo, Zapraszamy Pa\u0144stwa do sk\u0142adania zam\u00f3wie\u0144 na mundurki. Zam\u00f3wienia b\u0119d\u0105 zbierane od 4.06.2025 r. do 19.06.2025 r. do godziny 12:00 (w po\u0142udnie) za po\u015brednictwem strony internetowej: https:\/\/prostykroj.pl\/kolekcja-sto Na stronie&#8230;<\/p>\n","protected":false},"author":1,"featured_media":0,"parent":0,"menu_order":0,"comment_status":"closed","ping_status":"closed","template":"","meta":[],"_links":{"self":[{"href":"https:\/\/ssp10.pl\/strona\/wp-json\/wp\/v2\/pages\/23175"}],"collection":[{"href":"https:\/\/ssp10.pl\/strona\/wp-json\/wp\/v2\/pages"}],"about":[{"href":"https:\/\/ssp10.pl\/strona\/wp-json\/wp\/v2\/types\/page"}],"author":[{"embeddable":true,"href":"https:\/\/ssp10.pl\/strona\/wp-json\/wp\/v2\/users\/1"}],"replies":[{"embeddable":true,"href":"https:\/\/ssp10.pl\/strona\/wp-json\/wp\/v2\/comments?post=23175"}],"version-history":[{"count":4,"href":"https:\/\/ssp10.pl\/strona\/wp-json\/wp\/v2\/pages\/23175\/revisions"}],"predecessor-version":[{"id":23184,"href":"https:\/\/ssp10.pl\/strona\/wp-json\/wp\/v2\/pages\/23175\/revisions\/23184"}],"wp:attachment":[{"href":"https:\/\/ssp10.pl\/strona\/wp-json\/wp\/v2\/media?parent=23175"}],"curies":[{"name":"wp","href":"https:\/\/api.w.org\/{rel}","templated":true}]}}