{"id":18743,"date":"2021-11-26T09:42:39","date_gmt":"2021-11-26T08:42:39","guid":{"rendered":"http:\/\/ssp10.pl\/strona\/?page_id=18743"},"modified":"2024-10-04T12:02:02","modified_gmt":"2024-10-04T10:02:02","slug":"ppp-instytucje-i-telefony","status":"publish","type":"page","link":"https:\/\/ssp10.pl\/strona\/ppp-instytucje-i-telefony\/","title":{"rendered":"PPP Instytucje i telefony"},"content":{"rendered":"\n<p><strong>Poradnia PPP16<\/strong><\/p>\n\n\n\n<p>Zach\u0119camy do zapoznania si\u0119 z ofert\u0105 Poradni Psychologiczno-Pedagogicznej nr16 wWarszawie, zkt\u00f3r\u0105 nasza szko\u0142a \u015bci\u015ble wsp\u00f3\u0142pracuje. Poradnia zajmuje si\u0119 m.in.poradnictwem (tak\u017ce mailowym), prowadzi warsztaty psychologiczne oraz dzia\u0142alno\u015b\u0107 interwencyjn\u0105.<br>Strona internetowa: <a href=\"http:\/\/www.ppp16.waw.pl\" target=\"_blank\" rel=\"noreferrer noopener\">www.ppp16.waw.pl<\/a><br><strong>Anna Pliszka<\/strong> &#8211; psycholog opiekuj\u0105ca si\u0119 nasz\u0105 szko\u0142\u0105<\/p>\n\n\n\n<p>Polecane strony<\/p>\n\n\n\n<p><p><a rel=\"noopener\" href=\"https:\/\/fdds.pl\/\" target=\"_blank\">FUNDACJA DAJEMY DZIECIOM SI\u0141\u0118<\/a><br>https:\/\/fdds.pl\/<\/p><p><a rel=\"noopener\" href=\"https:\/\/mlodeglowy.pl\/\" target=\"_blank\">M\u0141ODE G\u0141OWY<\/a><br>https:\/\/mlodeglowy.pl\/<\/p><p><a rel=\"noopener\" href=\"https:\/\/www.nfz.gov.pl\/gfx\/nfz\/userfiles\/_public\/dla_pacjenta\/magazyn_ze_zdrowiem\/nfz_nr_5.pdf\" target=\"_blank\">NFZ Ze zdrowiem<\/a><br>https:\/\/www.nfz.gov.pl\/gfx\/nfz\/userfiles\/_public\/dla_pacjenta\/magazyn_ze_zdrowiem\/nfz_nr_5.pdf<\/p><p><a rel=\"noopener\" href=\"https:\/\/niewidacpomnie.org\/\" target=\"_blank\">FUNDACJA NIE WIDA\u0106 PO MNIE<\/a><br>https:\/\/niewidacpomnie.org\/<\/p><p><a rel=\"noopener\" href=\"https:\/\/zwjr.pl\/\" target=\"_blank\">\u017bYCIE WARTE JEST ROZMOWY<\/a><br>https:\/\/zwjr.pl\/<\/p><p><a rel=\"noopener\" href=\"https:\/\/www.niebieskalinia.pl\/\" target=\"_blank\">NIEBIESKA LINIA<\/a><br>https:\/\/www.niebieskalinia.pl\/<\/p><\/p>\n\n\n\n<p><a rel=\"noreferrer noopener\" href=\"http:\/\/ssp10.pl\/strona\/wp-content\/uploads\/Dokumenty\/PPP\/wspieramy_relacje_wykaz_telefonow_PPP.pdf\" target=\"_blank\">Wykaz telefon\u00f3w (pdf)<\/a><\/p>\n","protected":false},"excerpt":{"rendered":"<p>Poradnia PPP16 Zach\u0119camy do zapoznania si\u0119 z ofert\u0105 Poradni Psychologiczno-Pedagogicznej nr16 wWarszawie, zkt\u00f3r\u0105 nasza szko\u0142a \u015bci\u015ble wsp\u00f3\u0142pracuje. Poradnia zajmuje si\u0119 m.in.poradnictwem (tak\u017ce mailowym), prowadzi warsztaty psychologiczne oraz dzia\u0142alno\u015b\u0107 interwencyjn\u0105.Strona internetowa:&#8230;<\/p>\n","protected":false},"author":1,"featured_media":0,"parent":0,"menu_order":0,"comment_status":"closed","ping_status":"closed","template":"","meta":[],"_links":{"self":[{"href":"https:\/\/ssp10.pl\/strona\/wp-json\/wp\/v2\/pages\/18743"}],"collection":[{"href":"https:\/\/ssp10.pl\/strona\/wp-json\/wp\/v2\/pages"}],"about":[{"href":"https:\/\/ssp10.pl\/strona\/wp-json\/wp\/v2\/types\/page"}],"author":[{"embeddable":true,"href":"https:\/\/ssp10.pl\/strona\/wp-json\/wp\/v2\/users\/1"}],"replies":[{"embeddable":true,"href":"https:\/\/ssp10.pl\/strona\/wp-json\/wp\/v2\/comments?post=18743"}],"version-history":[{"count":7,"href":"https:\/\/ssp10.pl\/strona\/wp-json\/wp\/v2\/pages\/18743\/revisions"}],"predecessor-version":[{"id":22817,"href":"https:\/\/ssp10.pl\/strona\/wp-json\/wp\/v2\/pages\/18743\/revisions\/22817"}],"wp:attachment":[{"href":"https:\/\/ssp10.pl\/strona\/wp-json\/wp\/v2\/media?parent=18743"}],"curies":[{"name":"wp","href":"https:\/\/api.w.org\/{rel}","templated":true}]}}