{"id":16397,"date":"2021-08-24T10:07:00","date_gmt":"2021-08-24T08:07:00","guid":{"rendered":"http:\/\/ssp10.pl\/strona\/?page_id=16397"},"modified":"2025-06-05T16:23:52","modified_gmt":"2025-06-05T14:23:52","slug":"stroj-galowy","status":"publish","type":"page","link":"http:\/\/ssp10.pl\/strona\/stroj-galowy\/","title":{"rendered":"Str\u00f3j galowy"},"content":{"rendered":"\n<p>Podczas wa\u017cnych uroczysto\u015bci oraz w wyznaczone dni, uczniowie nosz\u0105 str\u00f3j galowy, kt\u00f3ry sk\u0142ada si\u0119 z nast\u0119puj\u0105cych element\u00f3w:<\/p>\n\n\n\n<ul>\n<li>dziewczynki &#8211; krawatka szkolna, bia\u0142a bluzka lub koszula i ciemna sp\u00f3dnica lub ciemne spodnie,<\/li>\n\n\n\n<li>ch\u0142opcy &#8211; krawat szkolny, bia\u0142a koszula lub koszulka polo i ciemne spodnie.<\/li>\n<\/ul>\n\n\n\n<p><\/p>\n","protected":false},"excerpt":{"rendered":"<p>Podczas wa\u017cnych uroczysto\u015bci oraz w wyznaczone dni, uczniowie nosz\u0105 str\u00f3j galowy, kt\u00f3ry sk\u0142ada si\u0119 z nast\u0119puj\u0105cych element\u00f3w:<\/p>\n","protected":false},"author":1,"featured_media":0,"parent":0,"menu_order":0,"comment_status":"closed","ping_status":"closed","template":"","meta":[],"_links":{"self":[{"href":"http:\/\/ssp10.pl\/strona\/wp-json\/wp\/v2\/pages\/16397"}],"collection":[{"href":"http:\/\/ssp10.pl\/strona\/wp-json\/wp\/v2\/pages"}],"about":[{"href":"http:\/\/ssp10.pl\/strona\/wp-json\/wp\/v2\/types\/page"}],"author":[{"embeddable":true,"href":"http:\/\/ssp10.pl\/strona\/wp-json\/wp\/v2\/users\/1"}],"replies":[{"embeddable":true,"href":"http:\/\/ssp10.pl\/strona\/wp-json\/wp\/v2\/comments?post=16397"}],"version-history":[{"count":7,"href":"http:\/\/ssp10.pl\/strona\/wp-json\/wp\/v2\/pages\/16397\/revisions"}],"predecessor-version":[{"id":23180,"href":"http:\/\/ssp10.pl\/strona\/wp-json\/wp\/v2\/pages\/16397\/revisions\/23180"}],"wp:attachment":[{"href":"http:\/\/ssp10.pl\/strona\/wp-json\/wp\/v2\/media?parent=16397"}],"curies":[{"name":"wp","href":"https:\/\/api.w.org\/{rel}","templated":true}]}}